{"id":80,"date":"2025-01-07T02:18:16","date_gmt":"2025-01-07T01:18:16","guid":{"rendered":"https:\/\/www.btc-martinique.com\/?page_id=80"},"modified":"2025-01-11T00:01:30","modified_gmt":"2025-01-10T23:01:30","slug":"locationsmartinique","status":"publish","type":"page","link":"https:\/\/www.btc-martinique.com\/index.php\/locationsmartinique\/","title":{"rendered":"Locations martinique"},"content":{"rendered":"<p><a href=\"https:\/\/www.instagram.com\/bleu_turquoise_conciergerie?igsh=Y3Vsb2ExaXlpb3dv\" target=\"_blank\" rel=\"nofollow\" data-dynamic-link=\"thrive_global_fields_url\" data-shortcode-id=\"ig\" data-id=\"icon-instagram\"><span> <\/span><\/a><a href=\"https:\/\/www.facebook.com\/share\/15VUJ5v4g1\/?mibextid=wwXIfr\" target=\"_blank\" rel=\"nofollow\" data-dynamic-link=\"thrive_global_fields_url\" data-shortcode-id=\"fb\" data-id=\"icon-facebook\"><span> <\/span><\/a><div id=\"beds24target_135436__0\"><iframe onload=\"window.parent.parent.scrollTo(0,0)\" src =\"https:\/\/www.beds24.com\/booking2.php?1&#038;ownerid=135436&#038;hideheader=0&#038;hidefooter=0&#038;hidecalendar=0&#038;referer=wordpress&#038;\" width=\"1190\" height=\"1600\" style=\"max-width:100%;border:none;overflow:auto;\"><p><a href=\"https:\/\/www.beds24.com\/booking2.php?1&#038;ownerid=135436&#038;hideheader=0&#038;hidefooter=0&#038;hidecalendar=0&#038;referer=wordpress&#038;\">Book Now<\/a><\/p><\/iframe><\/div><span><img decoding=\"async\" alt=\"\" data-id=\"123\" width=\"1219\" data-init-width=\"1920\" height=\"171\" data-init-height=\"269\" title=\"deco lines bg\" src=\"\/\/www.btc-martinique.com\/wp-content\/uploads\/tcb_lp_templates\/templates\/css\/images\/deco-lines-bg.png\" data-width=\"1219\" data-height=\"171\" style=\"aspect-ratio: auto 1920 \/ 269;\" loading=\"lazy\"><\/span><a href=\"https:\/\/www.instagram.com\/bleu_turquoise_conciergerie?igsh=Y3Vsb2ExaXlpb3dv\" target=\"_blank\" rel=\"nofollow\" data-dynamic-link=\"thrive_global_fields_url\" data-shortcode-id=\"ig\" data-id=\"icon-instagram\"><span> <\/span><\/a><a href=\"https:\/\/www.facebook.com\/share\/15VUJ5v4g1\/?mibextid=wwXIfr\" target=\"_blank\" rel=\"nofollow\" data-dynamic-link=\"thrive_global_fields_url\" data-shortcode-id=\"fb\" data-id=\"icon-facebook\"><span> <\/span><\/a><\/p>\n<h2 style=\"\">Bleu Turquoise&#8230;<\/h2>\n<p style=\"\">Je suis Monika, d&rsquo;origine polonaise et je r\u00e9side en Martinique depuis 2017.&nbsp;<\/p>\n<p style=\"\">Historienne de l&rsquo;art de formation, je suis passionn\u00e9e de design, de d\u00e9coration d&rsquo;int\u00e9rieur et de peinture. Forte d&rsquo;une exp\u00e9rience multiculturelle acquise au cours de mes r\u00e9sidences en France, au Canada et en Russie, j&rsquo;ai pos\u00e9 mes valises en Martinique, l&rsquo;\u00eele aux fleurs des Cara\u00efbes pour cr\u00e9er Bleu Turquoise Conciergerie.<\/p>\n<p style=\"\">Riche d&rsquo;une exp\u00e9rience dans l&rsquo;h\u00f4tellerie de luxe, je conjugue aujourd&rsquo;hui mes passions et mon parcours professionnel pour faire de votre s\u00e9jour en Martinique, un moment de raffinement dont vous garderez d&rsquo;excellents souvenirs.&nbsp;<\/p>\n<p style=\"\">Mon exigence et mon sens du contact faciliteront votre quotidien pour profiter de ces moments magiques qu&rsquo;offre la belle \u00eele de Martinique.<\/p>\n<p style=\"\">Bleu Turquoise Conciergerie saura r\u00e9pondre avec efficacit\u00e9 \u00e0 vos s\u00e9jours en location de villas ou d&rsquo;appartements en Martinique. <\/p>\n<p style=\"\">Alors, laissez vous guider&#8230;<\/p>\n<p style=\"\">\n<h2 style=\"text-align: center;\">Les t\u00e9moignages clients&#8230;<\/h2>\n<p><span><img decoding=\"async\" alt=\"ZEN\" data-id=\"396\" width=\"44\" data-init-width=\"800\" height=\"57\" data-init-height=\"1029\" title=\"ZEN\" src=\"\/\/www.btc-martinique.com\/wp-content\/uploads\/2025\/01\/ZEN.gif\" data-width=\"44\" data-height=\"57\" style=\"aspect-ratio: auto 800 \/ 1029;\" loading=\"lazy\"><\/span><\/p>\n<h6 style=\"\">Matis<\/h6>\n<p>Janvier 2025<\/p>\n<h2 style=\"text-align: center;\">\u201c<\/h2>\n<p style=\"\">\u2026Le logement \u00e9tait parfait et Monika extr\u00eamement attentionn\u00e9e\u2026<\/p>\n<p><span><img decoding=\"async\" alt=\"ZEN\" data-id=\"396\" width=\"44\" data-init-width=\"800\" height=\"57\" data-init-height=\"1029\" title=\"ZEN\" src=\"\/\/www.btc-martinique.com\/wp-content\/uploads\/2025\/01\/ZEN.gif\" data-width=\"44\" data-height=\"57\" style=\"aspect-ratio: auto 800 \/ 1029;\" loading=\"lazy\"><\/span><\/p>\n<h6 style=\"\">St\u00e9phane<\/h6>\n<p>Janvier 2025<\/p>\n<h2 style=\"text-align: center;\">\u201c<\/h2>\n<p style=\"\">L&rsquo;endroit \u00e9tait merveilleux, tr\u00e8s s\u00fbr, ferm\u00e9 avec un parking priv\u00e9. La vue est magnifique, et il y a beaucoup d&rsquo;endroits utilisables et confortables \u00e0 utiliser. Monika \u00e9tait vraiment gentille, a fourni tout ce dont nous avions besoin et a \u00e9t\u00e9 tr\u00e8s r\u00e9active. Tr\u00e8s ax\u00e9 sur le client. Je ne reviendrai pas sans h\u00e9siter.<\/p>\n<p><span><img decoding=\"async\" alt=\"ZEN\" data-id=\"396\" width=\"44\" data-init-width=\"800\" height=\"57\" data-init-height=\"1029\" title=\"ZEN\" src=\"\/\/www.btc-martinique.com\/wp-content\/uploads\/2025\/01\/ZEN.gif\" data-width=\"44\" data-height=\"57\" style=\"aspect-ratio: auto 800 \/ 1029;\" loading=\"lazy\"><\/span><\/p>\n<h6 style=\"\">Lawrence<\/h6>\n<p>Janvier 2025<\/p>\n<h2 style=\"text-align: center;\">\u201c<\/h2>\n<p style=\"\">Super semaine \u00e0 la pointe du bout ! Appartement confortable et plaisant. H\u00f4te tr\u00e8s pr\u00e9sente et r\u00e9active &#8211; je recommande vivement !<\/p>\n<p><span><img decoding=\"async\" alt=\"ZEN\" data-id=\"396\" width=\"44\" data-init-width=\"800\" height=\"57\" data-init-height=\"1029\" title=\"ZEN\" src=\"\/\/www.btc-martinique.com\/wp-content\/uploads\/2025\/01\/ZEN.gif\" data-width=\"44\" data-height=\"57\" style=\"aspect-ratio: auto 800 \/ 1029;\" loading=\"lazy\"><\/span><\/p>\n<h6 style=\"\">Julie<\/h6>\n<p>D\u00e9cembre 2024<\/p>\n<h2 style=\"text-align: center;\">\u201c<\/h2>\n<p style=\"\">Wow ! Quelle belle vue ! L&rsquo;appartement est tr\u00e8s bien situ\u00e9 pour visiter le sud. La plage \u00e0 proximit\u00e9 est un gros plus. Je recommande.<\/p>\n<p><span><img decoding=\"async\" alt=\"ZEN\" data-id=\"396\" width=\"44\" data-init-width=\"800\" height=\"57\" data-init-height=\"1029\" title=\"ZEN\" src=\"\/\/www.btc-martinique.com\/wp-content\/uploads\/2025\/01\/ZEN.gif\" data-width=\"44\" data-height=\"57\" style=\"aspect-ratio: auto 800 \/ 1029;\" loading=\"lazy\"><\/span><\/p>\n<h6 style=\"\">M\u00e9lanie<\/h6>\n<p>Novembre 2024<\/p>\n<h2 style=\"text-align: center;\">\u201c<\/h2>\n<p style=\"\">Voyage parfait ! \u00c9videmment la vue est le point fort du logement. Monika est tr\u00e8s gentille et toujours disponible. Elle a su nous faire de belles recommandations locales.<\/p>\n<p><span><img decoding=\"async\" alt=\"ZEN\" data-id=\"396\" width=\"44\" data-init-width=\"800\" height=\"57\" data-init-height=\"1029\" title=\"ZEN\" src=\"\/\/www.btc-martinique.com\/wp-content\/uploads\/2025\/01\/ZEN.gif\" data-width=\"44\" data-height=\"57\" style=\"aspect-ratio: auto 800 \/ 1029;\" loading=\"lazy\"><\/span><\/p>\n<h6 style=\"\">J\u00e9r\u00e9my<\/h6>\n<p>Octobre 2024<\/p>\n<h2 style=\"text-align: center;\">\u201c<\/h2>\n<p style=\"\">Un tr\u00e8s bon s\u00e9jour dans cet appartement agr\u00e9able avec une tr\u00e8s belle vue sur la mer. Je recommande<\/p>\n<p><span><img decoding=\"async\" alt=\"ZEN\" data-id=\"396\" width=\"44\" data-init-width=\"800\" height=\"57\" data-init-height=\"1029\" title=\"ZEN\" src=\"\/\/www.btc-martinique.com\/wp-content\/uploads\/2025\/01\/ZEN.gif\" data-width=\"44\" data-height=\"57\" style=\"aspect-ratio: auto 800 \/ 1029;\" loading=\"lazy\"><\/span><\/p>\n<h6 style=\"\">Axiane<\/h6>\n<p>Septembre 2024<\/p>\n<h2 style=\"text-align: center;\">\u201c<\/h2>\n<p style=\"\">Nous avons pass\u00e9 un tr\u00e8s bon s\u00e9jour dans l\u2019appartement de Monika. La vue est \u00e0 couper le souffle et l\u2019environnement calme. La mer est \u00e0 peine \u00e0 1min \u00e0 pied, de quoi nous y baigner tous les jours d\u00e8s le matin. Enfin, Monika a \u00e9t\u00e9 tr\u00e8s disponible tout le long du s\u00e9jour et r\u00e9active \u00e0 nos moindres questions. Merci \u00e0 elle !<\/p>\n<p><span><img decoding=\"async\" alt=\"ZEN\" data-id=\"396\" width=\"44\" data-init-width=\"800\" height=\"57\" data-init-height=\"1029\" title=\"ZEN\" src=\"\/\/www.btc-martinique.com\/wp-content\/uploads\/2025\/01\/ZEN.gif\" data-width=\"44\" data-height=\"57\" style=\"aspect-ratio: auto 800 \/ 1029;\" loading=\"lazy\"><\/span><\/p>\n<h6 style=\"\">Karen<\/h6>\n<p>Ao\u00fbt 2024<\/p>\n<h2 style=\"text-align: center;\">\u201c<\/h2>\n<p style=\"\">Nous avons eu un excellent service , le condo est Parfait , avec beaucoup de commodit\u00e9s! Monika nous a accueilli avec des petites attentions de la Martinique . Ses conseils nous ont \u00e9t\u00e9 pr\u00e9cieux pour nos vacances ! Nous recommandons fortement et esp\u00e9rons revenir !<\/p>\n<p><span><img decoding=\"async\" alt=\"ZEN\" data-id=\"396\" width=\"44\" data-init-width=\"800\" height=\"57\" data-init-height=\"1029\" title=\"ZEN\" src=\"\/\/www.btc-martinique.com\/wp-content\/uploads\/2025\/01\/ZEN.gif\" data-width=\"44\" data-height=\"57\" style=\"aspect-ratio: auto 800 \/ 1029;\" loading=\"lazy\"><\/span><\/p>\n<h6 style=\"\">Rachel<\/h6>\n<p>Juillet 2024<\/p>\n<h2 style=\"text-align: center;\">\u201c<\/h2>\n<p style=\"\">Superbe appartement bien localis\u00e9, tr\u00e8s lumineux<\/p>\n<p><span><img decoding=\"async\" alt=\"ZEN\" data-id=\"396\" width=\"44\" data-init-width=\"800\" height=\"57\" data-init-height=\"1029\" title=\"ZEN\" src=\"\/\/www.btc-martinique.com\/wp-content\/uploads\/2025\/01\/ZEN.gif\" data-width=\"44\" data-height=\"57\" style=\"aspect-ratio: auto 800 \/ 1029;\" loading=\"lazy\"><\/span><\/p>\n<h6 style=\"\">Hugues<\/h6>\n<p>juillet 2024<\/p>\n<h2 style=\"text-align: center;\">\u201c<\/h2>\n<p style=\"\">La qualit\u00e9 du logement est \u00e0 la hauteur des photos et de la description. La maison est tr\u00e8s bien \u00e9quip\u00e9e et tr\u00e8s agr\u00e9able. Nous avons pass\u00e9 un excellent s\u00e9jour et le logement y a fortement contribu\u00e9. Un grand merci \u00e0 Monika pour sa disponibilit\u00e9, sa r\u00e9activit\u00e9 et sa confiance. Je recommande vivement !!!<\/p>\n<p><span><img decoding=\"async\" alt=\"ZEN\" data-id=\"396\" width=\"44\" data-init-width=\"800\" height=\"57\" data-init-height=\"1029\" title=\"ZEN\" src=\"\/\/www.btc-martinique.com\/wp-content\/uploads\/2025\/01\/ZEN.gif\" data-width=\"44\" data-height=\"57\" style=\"aspect-ratio: auto 800 \/ 1029;\" loading=\"lazy\"><\/span><\/p>\n<h6 style=\"\">Brenda<\/h6>\n<p>Mai 2024<\/p>\n<h2 style=\"text-align: center;\">\u201c<\/h2>\n<p style=\"\">Nous avons pass\u00e9 un s\u00e9jour inoubliable dans ce bel appartement en mai. La vue \u00e0 elle seule a valu la peine de notre visite, et nous sommes rapidement tomb\u00e9s amoureux de la Martinique. Notre groupe de 8 a trouv\u00e9 l&rsquo;espace accueillant et r\u00e9organis\u00e9 une chambre avec deux lits simples dans une configuration plus adapt\u00e9e. La climatisation dans les chambres \u00e9tait suffisante pour notre confort. Le seul probl\u00e8me \u00e9tait que l&rsquo;ascenseur \u00e9tait cass\u00e9 au moment de notre visite et nous n&rsquo;\u00e9tions pas au courant avant l&rsquo;arriv\u00e9e. Nous avons eu la chance de ne pas avoir quelqu&rsquo;un avec nous qui a eu un probl\u00e8me pour monter des escaliers, mais si nous avions eu un parent \u00e2g\u00e9 avec nous, cela aurait \u00e9t\u00e9 probl\u00e9matique car l&rsquo;appartement est au dernier \u00e9tage. Nous avons \u00e9galement connu une p\u00e9nurie d&rsquo;eau en raison de la s\u00e9cheresse, mais nous comprenons que cela \u00e9chappait au contr\u00f4le de quiconque. Monika, notre h\u00f4te, a \u00e9t\u00e9 exceptionnellement gentille et attentionn\u00e9e, toujours disponible pour nous aider. Dans l&rsquo;ensemble, l&#8217;emplacement est magnifique, avec une vue imprenable sur le balcon et \u00e0 proximit\u00e9 imm\u00e9diate de la plage, des restaurants et des \u00e9quipements. Merci, Monika, pour tout.<\/p>\n<p><span><img decoding=\"async\" alt=\"ZEN\" data-id=\"396\" width=\"44\" data-init-width=\"800\" height=\"57\" data-init-height=\"1029\" title=\"ZEN\" src=\"\/\/www.btc-martinique.com\/wp-content\/uploads\/2025\/01\/ZEN.gif\" data-width=\"44\" data-height=\"57\" style=\"aspect-ratio: auto 800 \/ 1029;\" loading=\"lazy\"><\/span><\/p>\n<h6 style=\"\">Alberto<\/h6>\n<p>Novembre 2023<\/p>\n<h2 style=\"text-align: center;\">\u201c<\/h2>\n<p style=\"\">Merci Monika ! Accueil attentionn\u00e9, toutes les gentillesse et les attentions possibles. L\u2019appartement a une vue fabuleuse, vous vivez pratiquement sur la terrasse panoramique, du petit d\u00e9jeuner au d\u00eener. Le d\u00e9cor est presque tout neuf, sauf quelques petits d\u00e9tails \u00e0 renouveler, nous y retournerons sans h\u00e9siter !<\/p>\n<p><span><img decoding=\"async\" alt=\"\" data-id=\"189\" width=\"379\" data-init-width=\"427\" height=\"272\" data-init-height=\"307\" title=\"heart ddeco\" src=\"\/\/www.btc-martinique.com\/wp-content\/uploads\/tcb_lp_templates\/templates\/css\/images\/heart-ddeco.png\" data-width=\"379\" data-height=\"272\" style=\"aspect-ratio: auto 427 \/ 307;\" loading=\"lazy\"><\/span><\/p>\n","protected":false},"excerpt":{"rendered":"<p>Bleu Turquoise&#8230; Je suis Monika, d&rsquo;origine polonaise et je r\u00e9side en Martinique depuis 2017.&nbsp; Historienne de l&rsquo;art de formation, je suis passionn\u00e9e de design, de d\u00e9coration d&rsquo;int\u00e9rieur et de peinture. Forte d&rsquo;une exp\u00e9rience multiculturelle acquise au cours de mes r\u00e9sidences en France, au Canada et en Russie, j&rsquo;ai pos\u00e9 mes valises en Martinique, l&rsquo;\u00eele aux [&hellip;]<\/p>\n","protected":false},"author":1,"featured_media":13,"parent":0,"menu_order":0,"comment_status":"closed","ping_status":"closed","template":"","meta":{"footnotes":""},"class_list":["post-80","page","type-page","status-publish","has-post-thumbnail","hentry","post-wrapper","thrv_wrapper"],"_links":{"self":[{"href":"https:\/\/www.btc-martinique.com\/index.php\/wp-json\/wp\/v2\/pages\/80","targetHints":{"allow":["GET"]}}],"collection":[{"href":"https:\/\/www.btc-martinique.com\/index.php\/wp-json\/wp\/v2\/pages"}],"about":[{"href":"https:\/\/www.btc-martinique.com\/index.php\/wp-json\/wp\/v2\/types\/page"}],"author":[{"embeddable":true,"href":"https:\/\/www.btc-martinique.com\/index.php\/wp-json\/wp\/v2\/users\/1"}],"replies":[{"embeddable":true,"href":"https:\/\/www.btc-martinique.com\/index.php\/wp-json\/wp\/v2\/comments?post=80"}],"version-history":[{"count":78,"href":"https:\/\/www.btc-martinique.com\/index.php\/wp-json\/wp\/v2\/pages\/80\/revisions"}],"predecessor-version":[{"id":562,"href":"https:\/\/www.btc-martinique.com\/index.php\/wp-json\/wp\/v2\/pages\/80\/revisions\/562"}],"wp:featuredmedia":[{"embeddable":true,"href":"https:\/\/www.btc-martinique.com\/index.php\/wp-json\/wp\/v2\/media\/13"}],"wp:attachment":[{"href":"https:\/\/www.btc-martinique.com\/index.php\/wp-json\/wp\/v2\/media?parent=80"}],"curies":[{"name":"wp","href":"https:\/\/api.w.org\/{rel}","templated":true}]}}