{"id":357,"date":"2025-01-07T22:17:24","date_gmt":"2025-01-07T21:17:24","guid":{"rendered":"https:\/\/www.btc-martinique.com\/?page_id=357"},"modified":"2025-01-11T22:49:11","modified_gmt":"2025-01-11T21:49:11","slug":"check-in-check-out","status":"publish","type":"page","link":"https:\/\/www.btc-martinique.com\/index.php\/check-in-check-out\/","title":{"rendered":"Check-in \/ Check-out"},"content":{"rendered":"<p><a href=\"https:\/\/www.instagram.com\/bleu_turquoise_conciergerie?igsh=Y3Vsb2ExaXlpb3dv\" target=\"_blank\" rel=\"nofollow\" data-dynamic-link=\"thrive_global_fields_url\" data-shortcode-id=\"ig\" data-id=\"icon-instagram\"><span> <\/span><\/a><a href=\"https:\/\/www.facebook.com\/share\/15VUJ5v4g1\/?mibextid=wwXIfr\" target=\"_blank\" rel=\"nofollow\" data-dynamic-link=\"thrive_global_fields_url\" data-shortcode-id=\"fb\" data-id=\"icon-facebook\"><span> <\/span><\/a><\/p>\n<h2>Votre bien entre de bonnes mains&#8230;<\/h2>\n<h5 style=\"text-align: center;\"><a href=\"#\" style=\"outline: none;\" data-tcb_hover_state_parent=\"\">Service de m\u00e9nage<\/a><\/h5>\n<p style=\"text-align: center;\">Reconfigurer votre bien le plus rapidement possible pour qu&rsquo;il soit \u00e0 nouveau disponible avec une qualit\u00e9 professionnelle, c&rsquo;est notre engagement.&nbsp;<\/p>\n<h5 style=\"text-align: center;\"><a href=\"#\" style=\"outline: none;\" data-tcb_hover_state_parent=\"\">Check in<\/a><\/h5>\n<p style=\"text-align: center;\">Nos \u00e9quipes passent juste avant l&rsquo;arriv\u00e9e de vos voyageurs pour garantir la conformit\u00e9 de votre bien et proc\u00e8dent aux ajustements si n\u00e9cessaire.<\/p>\n<p style=\"text-align: center;\">Nous accueillons vos voyageurs, nous transmettons vos consignes, et nous les guidons pour les premiers jours en Martinique&#8230;&nbsp;<\/p>\n<h5 style=\"text-align: center;\"><a href=\"#\" style=\"outline: none;\" data-tcb_hover_state_parent=\"\">Check out<\/a><\/h5>\n<p style=\"text-align: center;\">Nous assurons le d\u00e9part de vos voyageurs. Nous v\u00e9rifions si l&rsquo;inventaire est complet, si tout est en ordre et si le s\u00e9jour est conforme aux attentes de chacun. <\/p>\n<p style=\"text-align: center;\">Nous ne manquons pas de soumettre votre bien aux avis sur les r\u00e9seaux partenaires pour gagner en visibilit\u00e9.&nbsp;<\/p>\n<h5 style=\"text-align: center;\"><a href=\"#\" style=\"outline: none;\" data-tcb_hover_state_parent=\"\">Reporting r\u00e9gulier<\/a><\/h5>\n<p style=\"text-align: center;\">Nous vous proposons r\u00e9guli\u00e8rement de faire un \u00e9tat sur votre activit\u00e9 locative. <\/p>\n<p style=\"text-align: center;\">Nous pouvons optimiser votre bien, par sa mise en valeur sur nos plate-formes de commercialisation.<\/p>\n<p style=\"text-align: center;\">Nous pouvons \u00e9galement vous guider dans l&rsquo;agencement de votre bien<\/p>\n<h4>Votre location en toute s\u00e9r\u00e9nit\u00e9&#8230;<\/h4>\n<h5 style=\"color: var(--tcb-skin-color-0) !important; --tcb-applied-color: var$(--tcb-skin-color-0) !important;\">Exigence et professionnalisme<\/h5>\n<p style=\"\">Fort d&rsquo;une solide exp\u00e9rience, nos \u00e9quipes sont vigilantes aux moindres d\u00e9tails pour permettre un s\u00e9jour sans mauvaise surprise.<\/p>\n<h5 style=\"color: var(--tcb-skin-color-0) !important; --tcb-applied-color: var$(--tcb-skin-color-0) !important;\">S\u00e9r\u00e9nit\u00e9 au quotidien<\/h5>\n<p style=\"\">Nous mettons tout notre savoir-faire au service du client, qu&rsquo;il soit voyageur ou propri\u00e9taire. Tout en restant discrets, notre efficacit\u00e9 vous permettra de garder un excellent souvenir de votre voyage en Martinique. C\u00f4t\u00e9 propri\u00e9taire, nous savons parfaitement g\u00e9rer les al\u00e9as&nbsp; des voyageurs&#8230;<\/p>\n<h5 style=\"\">100% satisfaction<\/h5>\n<p style=\"\">Notre objectif : votre satisfaction. Un s\u00e9jour en Martinique doit \u00eatre magique et sans encombre. Nous mettons, au quotidien,&nbsp; nos comp\u00e9tences humaines en \u0153uvre pour r\u00e9pondre \u00e0 vos inqui\u00e9tudes&nbsp; ou vos demandes sur place.&nbsp;<\/p>\n<p><span><img decoding=\"async\" alt=\"\" data-id=\"123\" width=\"1219\" data-init-width=\"1920\" height=\"171\" data-init-height=\"269\" title=\"deco lines bg\" src=\"\/\/www.btc-martinique.com\/wp-content\/uploads\/tcb_lp_templates\/templates\/css\/images\/deco-lines-bg.png\" data-width=\"1219\" data-height=\"171\" style=\"aspect-ratio: auto 1920 \/ 269;\" loading=\"lazy\"><\/span><span><img decoding=\"async\" alt=\"\" data-id=\"307\" width=\"68\" data-init-width=\"68\" height=\"47\" data-init-height=\"47\" title=\"people\" src=\"\/\/www.btc-martinique.com\/wp-content\/uploads\/tcb_lp_templates\/templates\/css\/images\/people.png\" data-width=\"68\" data-height=\"47\" style=\"aspect-ratio: auto 68 \/ 47;\" loading=\"lazy\"><\/span><\/p>\n<h5 style=\"text-align: center;\">200+<\/h5>\n<p style=\"text-align: center;\">Clients<\/p>\n<p><span><img decoding=\"async\" alt=\"\" data-id=\"169\" width=\"50\" data-init-width=\"50\" height=\"50\" data-init-height=\"50\" title=\"certificate\" src=\"\/\/www.btc-martinique.com\/wp-content\/uploads\/tcb_lp_templates\/templates\/css\/images\/certificate.png\" data-width=\"50\" data-height=\"50\" style=\"aspect-ratio: auto 50 \/ 50;\" loading=\"lazy\"><\/span><\/p>\n<h5 style=\"text-align: center;\">Label Qualit\u00e9<\/h5>\n<p style=\"text-align: center;\">Reconnu \u00e0 partir des avis clients authentiques<\/p>\n<p><span><img decoding=\"async\" alt=\"\" data-id=\"171\" width=\"48\" data-init-width=\"48\" height=\"48\" data-init-height=\"48\" title=\"happy\" src=\"\/\/www.btc-martinique.com\/wp-content\/uploads\/tcb_lp_templates\/templates\/css\/images\/happy.png\" data-width=\"48\" data-height=\"48\" style=\"aspect-ratio: auto 48 \/ 48;\" loading=\"lazy\"><\/span><\/p>\n<h5 style=\"text-align: center;\">98%<\/h5>\n<p style=\"text-align: center;\">Satisfaction clients<\/p>\n<p><span><img decoding=\"async\" alt=\"\" data-id=\"308\" width=\"50\" data-init-width=\"56\" height=\"38\" data-init-height=\"43\" title=\"lotus\" src=\"\/\/www.btc-martinique.com\/wp-content\/uploads\/tcb_lp_templates\/templates\/css\/images\/lotus.png\" data-width=\"50\" data-height=\"38\" style=\"aspect-ratio: auto 56 \/ 43;\" loading=\"lazy\"><\/span><\/p>\n<h5 style=\"text-align: center;\">+20<\/h5>\n<p style=\"text-align: center;\">Biens en gestion<\/p>\n<p><span><img decoding=\"async\" alt=\"\" data-id=\"309\" width=\"43\" data-init-width=\"43\" height=\"49\" data-init-height=\"49\" title=\"calendar\" src=\"\/\/www.btc-martinique.com\/wp-content\/uploads\/tcb_lp_templates\/templates\/css\/images\/calendar.png\" data-width=\"43\" data-height=\"49\" style=\"aspect-ratio: auto 43 \/ 49;\" loading=\"lazy\"><\/span><\/p>\n<h5 style=\"text-align: center;\">10<\/h5>\n<p style=\"text-align: center;\">ann\u00e9es d&rsquo;exp\u00e9rience<\/p>\n<h2 style=\"\">Nos coups de coeur&#8230;<\/h2>\n<p><a href=\"https:\/\/www.btc-martinique.com\/index.php\/2025\/01\/11\/sweet-villa\/\" dynamic-postlink=\"tcb_post_the_permalink\" data-shortcode-id=\"301\"><\/a><span data-extra_key=\"\" data-option-inline=\"1\" data-attr-date-format=\"F j, Y\" data-attr-date-format-select=\"F j, Y\" data-attr-show-time=\"0\" data-attr-time-format=\"\" data-attr-time-format-select=\"g:i a\" data-attr-type=\"published\" data-shortcode=\"tcb_post_published_date\" data-shortcode-name=\"Post date\">janvier 11, 2025 <\/span><\/p>\n<h2 style=\"text-align: center;\"><span data-shortcode=\"tcb_post_title\" data-shortcode-name=\"Post title\" data-extra_key=\"\" data-attr-link=\"0\" data-attr-target=\"0\" data-attr-rel=\"0\" data-option-inline=\"1\">Sweet Villa, Sainte Luce<\/span><\/h2>\n<p><a href=\"https:\/\/www.btc-martinique.com\/index.php\/2025\/01\/11\/sweet-villa\/\" dynamic-postlink=\"tcb_post_the_permalink\" data-shortcode-id=\"301\"><\/a><a href=\"https:\/\/www.btc-martinique.com\/index.php\/2025\/01\/11\/maison-creole-youka\/\" dynamic-postlink=\"tcb_post_the_permalink\" data-shortcode-id=\"301\"><\/a><span data-extra_key=\"\" data-option-inline=\"1\" data-attr-date-format=\"F j, Y\" data-attr-date-format-select=\"F j, Y\" data-attr-show-time=\"0\" data-attr-time-format=\"\" data-attr-time-format-select=\"g:i a\" data-attr-type=\"published\" data-shortcode=\"tcb_post_published_date\" data-shortcode-name=\"Post date\">janvier 11, 2025 <\/span><\/p>\n<h2 style=\"text-align: center;\"><span data-shortcode=\"tcb_post_title\" data-shortcode-name=\"Post title\" data-extra_key=\"\" data-attr-link=\"0\" data-attr-target=\"0\" data-attr-rel=\"0\" data-option-inline=\"1\">Maison cr\u00e9ole YOUKA, Trois-ilets<\/span><\/h2>\n<p><a href=\"https:\/\/www.btc-martinique.com\/index.php\/2025\/01\/11\/maison-creole-youka\/\" dynamic-postlink=\"tcb_post_the_permalink\" data-shortcode-id=\"301\"><\/a><a href=\"https:\/\/www.btc-martinique.com\/index.php\/2025\/01\/11\/le-grand-bleu\/\" dynamic-postlink=\"tcb_post_the_permalink\" data-shortcode-id=\"301\"><\/a><span data-extra_key=\"\" data-option-inline=\"1\" data-attr-date-format=\"F j, Y\" data-attr-date-format-select=\"F j, Y\" data-attr-show-time=\"0\" data-attr-time-format=\"\" data-attr-time-format-select=\"g:i a\" data-attr-type=\"published\" data-shortcode=\"tcb_post_published_date\" data-shortcode-name=\"Post date\">janvier 11, 2025 <\/span><\/p>\n<h2 style=\"text-align: center;\"><span data-shortcode=\"tcb_post_title\" data-shortcode-name=\"Post title\" data-extra_key=\"\" data-attr-link=\"0\" data-attr-target=\"0\" data-attr-rel=\"0\" data-option-inline=\"1\">Le Grand Bleu, Trois-ilets<\/span><\/h2>\n<p><a href=\"https:\/\/www.btc-martinique.com\/index.php\/2025\/01\/11\/le-grand-bleu\/\" dynamic-postlink=\"tcb_post_the_permalink\" data-shortcode-id=\"301\"><\/a><a href=\"https:\/\/www.btc-martinique.com\/index.php\/2025\/01\/11\/villa-les-esperides-trois-ilets\/\" dynamic-postlink=\"tcb_post_the_permalink\" data-shortcode-id=\"301\"><\/a><span data-extra_key=\"\" data-option-inline=\"1\" data-attr-date-format=\"F j, Y\" data-attr-date-format-select=\"F j, Y\" data-attr-show-time=\"0\" data-attr-time-format=\"\" data-attr-time-format-select=\"g:i a\" data-attr-type=\"published\" data-shortcode=\"tcb_post_published_date\" data-shortcode-name=\"Post date\">janvier 11, 2025 <\/span><\/p>\n<h2 style=\"text-align: center;\"><span data-shortcode=\"tcb_post_title\" data-shortcode-name=\"Post title\" data-extra_key=\"\" data-attr-link=\"0\" data-attr-target=\"0\" data-attr-rel=\"0\" data-option-inline=\"1\">Villa Les Esperides, Trois-ilets<\/span><\/h2>\n<p><a href=\"https:\/\/www.btc-martinique.com\/index.php\/2025\/01\/11\/villa-les-esperides-trois-ilets\/\" dynamic-postlink=\"tcb_post_the_permalink\" data-shortcode-id=\"301\"><\/a><a href=\"https:\/\/www.btc-martinique.com\/index.php\/2025\/01\/11\/labote\/\" dynamic-postlink=\"tcb_post_the_permalink\" data-shortcode-id=\"301\"><\/a><span data-extra_key=\"\" data-option-inline=\"1\" data-attr-date-format=\"F j, Y\" data-attr-date-format-select=\"F j, Y\" data-attr-show-time=\"0\" data-attr-time-format=\"\" data-attr-time-format-select=\"g:i a\" data-attr-type=\"published\" data-shortcode=\"tcb_post_published_date\" data-shortcode-name=\"Post date\">janvier 11, 2025 <\/span><\/p>\n<h2 style=\"text-align: center;\"><span data-shortcode=\"tcb_post_title\" data-shortcode-name=\"Post title\" data-extra_key=\"\" data-attr-link=\"0\" data-attr-target=\"0\" data-attr-rel=\"0\" data-option-inline=\"1\">Labot\u00e9, duplex vue mer, Diamant<\/span><\/h2>\n<p><a href=\"https:\/\/www.btc-martinique.com\/index.php\/2025\/01\/11\/labote\/\" dynamic-postlink=\"tcb_post_the_permalink\" data-shortcode-id=\"301\"><\/a><a href=\"https:\/\/www.btc-martinique.com\/index.php\/2025\/01\/11\/bleu-lagoon\/\" dynamic-postlink=\"tcb_post_the_permalink\" data-shortcode-id=\"301\"><\/a><span data-extra_key=\"\" data-option-inline=\"1\" data-attr-date-format=\"F j, Y\" data-attr-date-format-select=\"F j, Y\" data-attr-show-time=\"0\" data-attr-time-format=\"\" data-attr-time-format-select=\"g:i a\" data-attr-type=\"published\" data-shortcode=\"tcb_post_published_date\" data-shortcode-name=\"Post date\">janvier 11, 2025 <\/span><\/p>\n<h2 style=\"text-align: center;\"><span data-shortcode=\"tcb_post_title\" data-shortcode-name=\"Post title\" data-extra_key=\"\" data-attr-link=\"0\" data-attr-target=\"0\" data-attr-rel=\"0\" data-option-inline=\"1\">Bleu Lagoon, Trois-ilets<\/span><\/h2>\n<p><a href=\"https:\/\/www.btc-martinique.com\/index.php\/2025\/01\/11\/bleu-lagoon\/\" dynamic-postlink=\"tcb_post_the_permalink\" data-shortcode-id=\"301\"><\/a><a href=\"https:\/\/www.btc-martinique.com\/index.php\/2025\/01\/11\/t3-proche-plage-village-creole-trois-ilets\/\" dynamic-postlink=\"tcb_post_the_permalink\" data-shortcode-id=\"301\"><\/a><span data-extra_key=\"\" data-option-inline=\"1\" data-attr-date-format=\"F j, Y\" data-attr-date-format-select=\"F j, Y\" data-attr-show-time=\"0\" data-attr-time-format=\"\" data-attr-time-format-select=\"g:i a\" data-attr-type=\"published\" data-shortcode=\"tcb_post_published_date\" data-shortcode-name=\"Post date\">janvier 11, 2025 <\/span><\/p>\n<h2 style=\"text-align: center;\"><span data-shortcode=\"tcb_post_title\" data-shortcode-name=\"Post title\" data-extra_key=\"\" data-attr-link=\"0\" data-attr-target=\"0\" data-attr-rel=\"0\" data-option-inline=\"1\">Vista Marina, T3 proche plage, Trois-ilets<\/span><\/h2>\n<p><a href=\"https:\/\/www.btc-martinique.com\/index.php\/2025\/01\/11\/t3-proche-plage-village-creole-trois-ilets\/\" dynamic-postlink=\"tcb_post_the_permalink\" data-shortcode-id=\"301\"><\/a><a href=\"https:\/\/www.btc-martinique.com\/index.php\/2025\/01\/11\/appartement-t2-tout-confort-a-50m-de-la-plage-anse-mitan-trois-ilets\/\" dynamic-postlink=\"tcb_post_the_permalink\" data-shortcode-id=\"301\"><\/a><span data-extra_key=\"\" data-option-inline=\"1\" data-attr-date-format=\"F j, Y\" data-attr-date-format-select=\"F j, Y\" data-attr-show-time=\"0\" data-attr-time-format=\"\" data-attr-time-format-select=\"g:i a\" data-attr-type=\"published\" data-shortcode=\"tcb_post_published_date\" data-shortcode-name=\"Post date\">janvier 11, 2025 <\/span><\/p>\n<h2 style=\"text-align: center;\"><span data-shortcode=\"tcb_post_title\" data-shortcode-name=\"Post title\" data-extra_key=\"\" data-attr-link=\"0\" data-attr-target=\"0\" data-attr-rel=\"0\" data-option-inline=\"1\">Appartement T2 tout confort a 50m de la plage anse Mitan, Trois-ilets<\/span><\/h2>\n<p><a href=\"https:\/\/www.btc-martinique.com\/index.php\/2025\/01\/11\/appartement-t2-tout-confort-a-50m-de-la-plage-anse-mitan-trois-ilets\/\" dynamic-postlink=\"tcb_post_the_permalink\" data-shortcode-id=\"301\"><\/a><a href=\"https:\/\/www.btc-martinique.com\/index.php\/2025\/01\/07\/villa-horizon\/\" dynamic-postlink=\"tcb_post_the_permalink\" data-shortcode-id=\"301\"><\/a><span data-extra_key=\"\" data-option-inline=\"1\" data-attr-date-format=\"F j, Y\" data-attr-date-format-select=\"F j, Y\" data-attr-show-time=\"0\" data-attr-time-format=\"\" data-attr-time-format-select=\"g:i a\" data-attr-type=\"published\" data-shortcode=\"tcb_post_published_date\" data-shortcode-name=\"Post date\">janvier 7, 2025 <\/span><\/p>\n<h2 style=\"text-align: center;\"><span data-shortcode=\"tcb_post_title\" data-shortcode-name=\"Post title\" data-extra_key=\"\" data-attr-link=\"0\" data-attr-target=\"0\" data-attr-rel=\"0\" data-option-inline=\"1\">Villa Horizon, Trois-ilets<\/span><\/h2>\n<p><a href=\"https:\/\/www.btc-martinique.com\/index.php\/2025\/01\/07\/villa-horizon\/\" dynamic-postlink=\"tcb_post_the_permalink\" data-shortcode-id=\"301\"><\/a><\/p>\n<h4 style=\"\">Envie d&rsquo;en savoir plus ?<\/h4>\n","protected":false},"excerpt":{"rendered":"<p>Votre bien entre de bonnes mains&#8230; Service de m\u00e9nage Reconfigurer votre bien le plus rapidement possible pour qu&rsquo;il soit \u00e0 nouveau disponible avec une qualit\u00e9 professionnelle, c&rsquo;est notre engagement.&nbsp; Check in Nos \u00e9quipes passent juste avant l&rsquo;arriv\u00e9e de vos voyageurs pour garantir la conformit\u00e9 de votre bien et proc\u00e8dent aux ajustements si n\u00e9cessaire. Nous accueillons [&hellip;]<\/p>\n","protected":false},"author":1,"featured_media":18,"parent":0,"menu_order":0,"comment_status":"closed","ping_status":"closed","template":"","meta":{"footnotes":""},"class_list":["post-357","page","type-page","status-publish","has-post-thumbnail","hentry","post-wrapper","thrv_wrapper"],"_links":{"self":[{"href":"https:\/\/www.btc-martinique.com\/index.php\/wp-json\/wp\/v2\/pages\/357","targetHints":{"allow":["GET"]}}],"collection":[{"href":"https:\/\/www.btc-martinique.com\/index.php\/wp-json\/wp\/v2\/pages"}],"about":[{"href":"https:\/\/www.btc-martinique.com\/index.php\/wp-json\/wp\/v2\/types\/page"}],"author":[{"embeddable":true,"href":"https:\/\/www.btc-martinique.com\/index.php\/wp-json\/wp\/v2\/users\/1"}],"replies":[{"embeddable":true,"href":"https:\/\/www.btc-martinique.com\/index.php\/wp-json\/wp\/v2\/comments?post=357"}],"version-history":[{"count":48,"href":"https:\/\/www.btc-martinique.com\/index.php\/wp-json\/wp\/v2\/pages\/357\/revisions"}],"predecessor-version":[{"id":681,"href":"https:\/\/www.btc-martinique.com\/index.php\/wp-json\/wp\/v2\/pages\/357\/revisions\/681"}],"wp:featuredmedia":[{"embeddable":true,"href":"https:\/\/www.btc-martinique.com\/index.php\/wp-json\/wp\/v2\/media\/18"}],"wp:attachment":[{"href":"https:\/\/www.btc-martinique.com\/index.php\/wp-json\/wp\/v2\/media?parent=357"}],"curies":[{"name":"wp","href":"https:\/\/api.w.org\/{rel}","templated":true}]}}